hat is the remainder when 5735 is divided by y?
312
Let h = -14722 + 14733. Calculate the remainder when 548 is divided by h.
9
Let j(d) be the first derivative of -11*d**2/2 - 93*d + 21. What is the remainder when j(-14) is divided by 22?
17
Suppose 15 = 3*t, -2*l + t + 2250 = -3343. Calculate the remainder when l is divided by 70.
69
Let b(h) = 8*h - 27. Let g(x) = -2*x + 2. Let f(w) = 5*b(w) + 10*g(w). What is the remainder when 122 is divided by f(7)?
22
Suppose 0 = 24*d - 30*d + 2664. Suppose 3*t = -4*r - 754, d + 58 = -2*t - 2*r. Let m = 429 + t. What is the remainder when m is divided by 36?
35
Let z = -11113 + 11132. Calculate the remainder when 3046 is divided by z.
6
Let n be (-979)/(-110) - 7/(-70). What is the remainder when 72 is divided by ((-1050)/245)/(n/(-42))?
12
Let l(y) be the first derivative of 5*y**2/2 + 4*y + 11. What is the remainder when (-54)/4*(-5936)/1908 is divided by l(2)?
0
Suppose 5*p - 201 = 5*a - 421, 0 = 3*a - p - 138. Calculate the remainder when 411 is divided by a.
35
Let b be ((-13)/((-585)/(-10)))/((-2)/18). Calculate the remainder when (b - -70)/(3/6) is divided by 21.
18
Suppose 10*k - 5*k = 200. Calculate the remainder when 13 is divided by ((-8)/6)/(k/(-150)).
3
Let d be (-2)/(-5) - 8/20. Suppose u + 20 - 232 = d. Calculate the remainder when u is divided by 36.
32
Let t(z) = z**2 - 14*z + 1. Let f be t(14). What is the remainder when 3 - -76 - (f - 6) is divided by 19?
8
Suppose 2*j + 2 = 146. What is the remainder when j is divided by (46/8 + -5)/(-6*(-17)/5304)?
33
Let n(m) = -m**2 + 4*m. Let a be n(7). Suppose 282 = 21*x + 9. Calculate the remainder when 62 - a/6*(-12)/21 is divided by x.
8
Let z = -3 + 12. Suppose 1228 = 91*p + 837 - 1702. Calculate the remainder when p is divided by z.
5
Suppose 4*o = 3*d - 46, -48 = -4*d + 3*o - o. Suppose -x = -20 - 2. Let r = x + d. What is the remainder when 63 is divided by r?
31
Let f = 361 + -209. What is the remainder when f is divided by (28764/(-1974))/((-15)/((-525)/(-10)))?
50
Let i(r) = 269*r + 1713. Calculate the remainder when i(-5) is divided by 12.
8
Suppose 5*p = -15, 3*c = p - 6*p - 18. Let k(s) = -2*s**2 + 68*s + 74. What is the remainder when k(35) is divided by (5/15)/(c/(-3))?
0
Suppose -114*g + 81*g = 7326. Let y = g + 254. What is the remainder when 223 is divided by y?
31
Suppose 4*l + 54 = 2*q + 2*l, -3*q = -4*l - 81. Suppose -89*i = -88*i - q. Calculate the remainder when 98 is divided by i.
17
Let y(n) = -2*n**3 + 59*n**2 - 58*n + 3. What is the remainder when y(16) is divided by 37?
30
Let h(a) = a**3 + 7*a**2 - 2. Let n(b) = -200*b**3 + 29*b**2 + 38*b + 10. What is the remainder when n(-1) is divided by h(-6)?
31
Let k = -531 - -549. Calculate the remainder when 11 is divided by 36/k - (-16)/2.
1
Let o(w) = w**3 + 7*w**2 - 438*w - 34. What is the remainder when o(-19) is divided by 220?
216
Suppose -3*z = 2*h - 42, 0*z + 3*z = 0. Suppose 2*y - 339 = 3*t, 3*y + 93*t = 90*t + 456. What is the remainder when y is divided by h?
12
Let a be (3 - 3)/((-2)/(-1)). Suppose a = -0*t + 2*t - 26. Suppose -6*q + 338 - 14 = -4*h, -2*q = -2*h - 118. Calculate the remainder when q is divided by t.
5
Let j(g) = g**3 - 13*g + 257. Calculate the remainder when 1028 is divided by j(0).
0
Suppose -4*h = l - 2493, -4*l - 31 = -3. Calculate the remainder when h is divided by 33.
31
What is the remainder when 28/4 + 70/2 is divided by 15?
12
Let d(f) = -32*f + 210. Let q be d(12). Let y = q + 243. Suppose i - 2*x = 3*x + 33, 0 = -3*i + 2*x + 34. What is the remainder when y is divided by i?
5
Let t = 317 - 172. Let q = -185258 + 185295. What is the remainder when t is divided by q?
34
Let y = 53 + -27. Let s(d) = -11*d - 230. Let r(u) = 5*u + 110. Let g(t) = 9*r(t) + 4*s(t). Calculate the remainder when g(4) is divided by y.
22
Suppose -78 = -6*q + 3*q. Suppose 4*y - 2*j = 2*j + 28, 5*j = 2*y - q. What is the remainder when (-10*1 - 2)*((-1248)/64)/39 is divided by y?
0
Suppose -191 - 219 = -71*q + 797. Suppose 48 = 4*h - 2*u, -4*h + 0*u = u - 36. Suppose h = 3*v - 5. What is the remainder when q is divided by v?
2
What is the remainder when 1/(-4)*(-1445 + -127) is divided by 185?
23
Suppose 0 = -12*m + 136 + 140. Calculate the remainder when 198 is divided by m.
14
Let c(f) = -7*f - 195. Suppose 3*p - 40 - 20 = 0. What is the remainder when c(-36) is divided by p?
17
Let d(w) = 9*w**2 + 2 - 3*w + 2*w - w. Let x = 1189 - 1187. Calculate the remainder when d(x) is divided by 12.
10
Let s be (8/(-6))/(1/(-87)). Suppose 12*k - 28 = s. Calculate the remainder when 22 is divided by k.
10
What is the remainder when 308 is divided by -42*(10 - (-740)/(-60))?
14
Suppose -986 - 1093 = -21*g. Suppose 3*u - g = -3*r - u, -2*u = -6. Calculate the remainder when r is divided by 4.
1
Let n = -30 + 32. Suppose 0*t - 10 = -n*t. Let h = -47 + 49. What is the remainder when t is divided by h?
1
Let n(a) = -27*a - 114. Let m = -303 + 292. Calculate the remainder when n(m) is divided by 47.
42
Let y = 415 - 411. Suppose 5*f = -y*z + 515, 19*z = 16*z. What is the remainder when f is divided by 2/(-10) - 262/(-10)?
25
Suppose 148*q - 144*q - 4*t = 3456, -q - 4*t = -909. What is the remainder when q is divided by 40?
33
Suppose -1241 = -70*r - 401. What is the remainder when 17 is divided by r?
5
What is the remainder when (234/30 - 9)*15/(-2)*35 is divided by 160?
155
Let h = -15257 + 15386. Calculate the remainder when 639 is divided by h.
123
Calculate the remainder when (671976/(-810))/(4/(-10)) is divided by 33.
28
Let d(h) = -3*h**3 + 20*h**2 - 4*h - 2. Let c be d(6). Suppose 6*n = 4 - c. Calculate the remainder when 16 is divided by (n - -4) + 13 + -3.
2
Let z(u) = -4*u**3 + 3*u**2 + 2*u + 2. Let i be z(-2). Let b = -36 + i. Let o(k) = 14*k + 23. Calculate the remainder when o(b) is divided by 28.
23
Let p(i) = -i**3 + 10*i**2 + 2*i. Let z(b) = -4*b**2 + 9*b + 12. Let u be z(3). Calculate the remainder when p(u) is divided by 18.
15
Calculate the remainder when (-242 + 246)/(1/274) is divided by 61.
59
Let l be (6/4)/(41/4182). Let s = 225 - l. What is the remainder when s is divided by (-5 - -6)*76/2?
34
Let v(h) = -3*h**2 + 132*h - 1294. Calculate the remainder when v(20) is divided by 2*1 - -14*2.
26
Suppose -81*b + 74*b = -35. Suppose 60 = j + 5*y, -b*j = 4*y + 99 - 441. What is the remainder when 151 is divided by j?
11
Suppose 36*l - 1931 - 985 = 0. Suppose 2*q = 6*m - 3*m + 61, l = 2*q + m. What is the remainder when q is divided by 8?
6
Let r = -2629 - -4513. Suppose -20*p + r = -8*p. Suppose -3*z = -4*m - 100, 0*z + 3*m - 95 = -2*z. What is the remainder when p is divided by z?
37
Let m be 282/(-4) + 5/(-10). Let z = -22 - m. Calculate the remainder when 94 is divided by z.
45
Let g(v) = -63*v**2 + 64*v. What is the remainder when 530 is divided by g(1)?
0
Let f = -2870 + 3791. Calculate the remainder when f is divided by 37.
33
Suppose -42*v + 41*v + 15319 = 2*r, -4*v + 2*r = -61256. Calculate the remainder when v is divided by 222.
219
Suppose 53*r = -613*r + 83250. What is the remainder when r is divided by 20?
5
What is the remainder when 52 is divided by ((-486)/891)/(46/(-22) + 2)?
4
Let d = 107 + -113. Let o be (2 + d - 10)*6/(-4). Suppose -5*x = -3*v + 100, -3*v - 3*x + o = -39. Calculate the remainder when 72 is divided by v.
22
Suppose -17*z + 4510 - 1451 = 2*z. What is the remainder when 375 is divided by z?
53
Let k(p) = -31*p + 4. Let f(l) = -31*l + 3. Let a(s) = 3*f(s) - 2*k(s). What is the remainder when a(-3) is divided by 228/2*((-105)/18 - (-36)/6)?
18
Let i = 365 + -354. What is the remainder when 294 is divided by i?
8
Suppose 400 = -49*f + 57*f - 168. Let r(m) = 7*m - 2. Suppose n = -2*n + 6. What is the remainder when f is divided by r(n)?
11
Suppose -2*v - 181 = -3*d - 1442, -1249 = -2*v - d. What is the remainder when v is divided by 69?
5
Let o = 174 - 48. Suppose f = -5*m - 0*m + o, 0 = 2*m + 2*f - 52. Calculate the remainder when (-11)/(-77) + (1 - (-2042)/14) is divided by m.
22
Let o be (-9*5/(-30))/((-2)/4). Let h be 3/o + (-1)/(1/(-21)). Calculate the remainder when 28 is divided by ((-5)/h)/(3/4)*-45.
13
Let c = -29 + 42. Suppose -48 = -4*t - 4*g, -4*t - 7*g = -12*g - 102. What is the remainder when t is divided by c?
5
Le